 3 + r - a - 2*a + 0*a**2. Let g be j(2). Calculate the greatest common factor of g and 28.
7
Suppose 4*i - q = 2*q + 32, 0 = 3*q + 12. Let o = -7 + i. Let f be (o/5)/((-4)/70). Calculate the highest common divisor of f and 77.
7
Let i(o) = -70*o - 295. Let r be i(-5). Let f(m) = m**2 + 8*m + 11. Let k be f(-8). Calculate the highest common divisor of r and k.
11
Suppose -5*r + 3*q - q + 6525 = 0, -2*q + 2610 = 2*r. Calculate the highest common divisor of 45 and r.
45
Let o(f) = -f**2 + f + 3. Let r be o(-3). Let y = 3 - r. Let b(c) = c**3 - c**2 - 3*c + 3. Let m be b(3). What is the greatest common factor of m and y?
12
Let f = 5 + 8. Suppose -4*k - 3 = -19. Suppose 2*c - 166 = -4*o, -k*c - o + 133 = -227. What is the highest common factor of c and f?
13
Suppose -8 = -2*k - 0. Suppose -4*h - 5*t + 279 + 72 = 0, 0 = -2*h + k*t + 156. What is the greatest common factor of 126 and h?
42
Suppose -11*j + 12*j = -2*w + 94, 3*j - 237 = -5*w. Let f be (24/(-9))/((-4)/42). Let v = f - 10. What is the highest common factor of v and w?
9
Let h = -50 - -58. Calculate the highest common divisor of h and 6.
2
Let f = 352 + -336. Calculate the greatest common factor of 4 and f.
4
Suppose -5*p + 4*p - 4*j + 320 = 0, -622 = -2*p - 2*j. Calculate the highest common divisor of p and 28.
28
Let u(m) be the first derivative of -m**3/3 - 7*m**2/2 + 17*m - 25. Let z be u(-8). Calculate the highest common factor of z and 18.
9
Let j = -37 - -55. Suppose d - 5*d = 4, 2*h = 3*d + 21. Calculate the highest common divisor of h and j.
9
Let f be (-2)/4 + ((-337)/(-2) - 3). Let v = -72 + f. Calculate the highest common factor of 62 and v.
31
Let k be (8 + -1)*(-5 + (-825)/(-21)). Calculate the highest common factor of 15 and k.
15
Let r be 18252/15 + (-12)/15. Calculate the highest common factor of 19 and r.
19
Let u = -337 - -361. Suppose -b = 3*b - 12. What is the greatest common divisor of u and b?
3
Let y(s) = -s**2 - 11*s - 15. Let j be y(-6). Let q(u) = -12*u**2 + 6*u + 3. Let t be q(5). Let l = -147 - t. Calculate the greatest common divisor of j and l.
15
Let w(y) = y**3 - 9*y**2 + 18*y + 26. Let t be w(9). What is the greatest common factor of t and 47?
47
Let v be 8*(3 - -4 - 2). Suppose -4*c = -4*l + 84, v = 2*l - 5*c + 7. Calculate the greatest common factor of 3 and l.
3
Let y be (-2)/(-3*3/351). Suppose -b + 118 = y. Calculate the highest common divisor of 16 and b.
8
Let l be -4 - -7 - -2 - -1. What is the greatest common factor of 16 and l?
2
Let v be (4/(-20))/((-2)/10). Let f be v*(-3)/6*152/(-2). Calculate the greatest common divisor of f and 2.
2
Let y be (-6)/(-75) - 5688/(-150). Calculate the greatest common divisor of 722 and y.
38
Suppose -4*k = -8*k + 240. Suppose -3*q = -3 - 42. Let o be 8/k - (-193)/q. Calculate the highest common divisor of o and 117.
13
Let q = 48 + -69. Let c be ((-45)/(-10) + -5)*8. Let s be (27/c)/(q/392). What is the highest common divisor of s and 18?
18
Let n be 17576/39 - ((-2)/6 - -1). Calculate the greatest common divisor of 50 and n.
50
Let u = 12 - 7. Suppose -115 = -u*c - 3*q + 296, 3*c = -4*q + 251. Let r(d) = -29*d + 257. Let a be r(7). What is the greatest common factor of c and a?
27
Let o = -454 + 466. Let p(w) = -66*w - 4. Let c be p(-5). Let x = c + -194. Calculate the greatest common divisor of x and o.
12
Suppose 4*s = d - 32, -d + 20 = 3*s - 4*s. Suppose v + u - 6 = 0, 4*u - 16 = -v - 2*v. Let p = d + v. Calculate the highest common factor of 3 and p.
3
Let r = 2 + 40. Let y = r + -29. Let m = 150 - 46. What is the highest common factor of m and y?
13
Suppose 143 = 4*c - 177. Calculate the highest common factor of 380 and c.
20
Suppose -5864 + 518 = -22*l. What is the greatest common divisor of 378 and l?
27
Let l = -300 - -111. Let a be 2/9 - 525/l. What is the highest common divisor of 33 and a?
3
Suppose 387 = 3*k - 3*p, p - 4 = -0. Suppose -167 = -4*r + k. Calculate the greatest common factor of r and 15.
15
Let m(u) = 2*u**2 - 7*u + 2. Let t be m(6). Suppose 5*h = -7 - 28. Let v = h + 11. Calculate the greatest common factor of t and v.
4
Let j(q) = -42*q + 5. Let m be j(2). Let h = -53 - m. Calculate the greatest common divisor of 182 and h.
26
Let b(n) = 2*n**2 - 3 + 5 + 10 - 5 - 7*n. Let c be b(7). Calculate the highest common divisor of c and 140.
28
Let t = -4139 + 5831. Calculate the highest common factor of t and 36.
36
Let c be (24/(-17))/(416/(-3536)). Suppose 3*z - z = 3*g + 399, 3*g - 753 = -4*z. What is the greatest common divisor of z and c?
12
Suppose 144 = 4*w + w - 2*r, 4*w + 5*r - 102 = 0. Suppose -6 = -2*s + w. Calculate the highest common factor of s and 153.
17
Let v = 779 - 735. Let n(f) be the second derivative of f**4/12 + 2*f**3/3 + 3*f**2 - 2*f. Let r be n(-5). Calculate the greatest common divisor of v and r.
11
Suppose 1040 + 1520 = 20*f. Calculate the greatest common divisor of f and 4.
4
Let z be (-12)/(-8)*15*12/10. Calculate the highest common divisor of 3 and z.
3
Suppose j = -j - 3*i + 91, 0 = 2*j + 5*i - 97. What is the highest common factor of 123 and j?
41
Suppose -3*g - 1487 = -2*r, -3*r + 5*g = 6*g - 2214. Suppose -d = l - 190, 4*l - r = 8*d - 5*d. What is the greatest common divisor of l and 17?
17
Suppose 3*j = 3 + 3. Suppose -k + 3*k - 10 = -x, 2*x - j*k - 50 = 0. Let g be (41 - 43)/((-2)/4). Calculate the greatest common divisor of g and x.
4
Let m(i) = -i**3 + 5*i**2 - 3*i + 6. Let f be m(4). Let n = 11 - 9. Suppose -l = -1, -2*g + n*l = -g - 8. What is the highest common factor of f and g?
10
Let m be 2/(-4)*(-6)/1. Let a(h) = 3*h + 7. Let u(n) = 8*n + 20. Let q(x) = -7*a(x) + 2*u(x). Let f be q(-6). Calculate the greatest common factor of m and f.
3
Let u(m) = m**2 - m + 5. Let c be u(-9). Let q = 55 + c. Calculate the greatest common factor of q and 15.
15
Suppose 0*t + 3*t + 12 = 0. Let h be 25 - (-2)/t*2. Let w = -5316 - -5322. Calculate the greatest common factor of w and h.
6
Let x = 9 + -4. Suppose j - x*j = -24. Let w be (-2)/(2/4*-1). What is the highest common divisor of w and j?
2
Suppose -5*v + 3 = -97. Let q = -22 + v. Let u be (7 - -33) + 2/q. Calculate the highest common divisor of 26 and u.
13
Let k be 4/(-18) + 2 + (-10)/(-45). Suppose -s = -k*c - 1, -7*c + 2*c + 15 = 0. What is the greatest common divisor of s and 1?
1
Let v(k) = -k**3 - 15*k**2 + 15*k - 14. Let y be v(-16). Suppose y - 132 = -10*b. Calculate the greatest common divisor of b and 65.
13
Suppose 6*p - 3 = 129. Calculate the greatest common factor of p and 55.
11
Let b(g) = g**2 - 16*g - 60. Let a be b(-26). What is the highest common divisor of a and 43?
43
Let x = -13 - -22. Suppose -x*s + 256 = 76. What is the greatest common divisor of s and 60?
20
Let d = 101 + -54. Suppose -9*o = -d - 61. What is the highest common factor of o and 1?
1
Let j be (-2)/8 + (-10)/(-8). Let l be 6/((9/12)/j). Suppose 16 = 2*m - 24. What is the greatest common factor of l and m?
4
Let c be (-1224)/(-15) + 3/(-5). Suppose -8*f + 24*f = 864. What is the highest common divisor of c and f?
27
Let d = -636 + 935. Calculate the greatest common divisor of d and 23.
23
Suppose 4*a + 150 = -90. Let m = 200 + a. Let k be 2/((22/(-55))/((-56)/10)). What is the greatest common factor of k and m?
28
Let h = 24 - 8. Let y = 1634 - 1554. What is the highest common divisor of h and y?
16
Let i = -3061 - -5379. What is the highest common divisor of 38 and i?
38
Let r be 12/(-15)*(-3 + 8721/(-18)). Calculate the highest common factor of 30 and r.
30
Let q(f) = -f**3 + 12*f**2 - 27*f + 1. Let z be q(3). Let y be (-2)/(-5)*(5 + 5). What is the highest common divisor of z and y?
1
Let c = 32 + -20. Let d = 11 - 11. Suppose 2*w + c - 34 = d. What is the greatest common divisor of 11 and w?
11
Let v be (-2)/(-4)*(144 - -20). Let j = v - 59. Calculate the greatest common factor of 207 and j.
23
Let h(u) = 9*u**2 + u. Let a be h(1). Let l(k) = 2*k**2 - 3*k - 215. Let r be l(-10). Calculate the greatest common divisor of r and a.
5
Suppose 4 - 12 = -2*l, -5*f - l + 104 = 0. Let t = -17 + f. What is the highest common factor of 24 and t?
3
Let i be 2/(1 - (0 - 48/(-52))). Suppose 0 = -o + 18 + i. What is the greatest common factor of o and 22?
22
Let z = -6292 + 6407. Suppose 2*d = 4*d. Suppose d = -5*x + 36 + 79.